ighest common divisor of k and 207?
23
Let r be (-8)/(-2) - (-41 - -1). What is the greatest common divisor of 110 and r?
22
Let m = 80 - 50. Calculate the highest common divisor of 20 and m.
10
Let o be (-31)/4*(0 - 4). Suppose -2*j - 11 = -o. What is the greatest common divisor of j and 10?
10
Let i(x) = x**2 + x - 4. Let h = -3 + 6. Let m be i(h). Calculate the greatest common factor of 2 and m.
2
Let y(a) = -4*a + 1. Let o be y(2). Let n = 5 - o. Let m be (-21)/(-28) - (-26)/8. Calculate the greatest common factor of m and n.
4
Let k(m) = -7*m + 4 + 6*m - 2. Let h be k(-8). Calculate the greatest common divisor of h and 5.
5
Let q be (-9)/15 + (-2)/5. Let l be -1 + 4 - (q + -2). Calculate the highest common divisor of l and 24.
6
Let d = 36 + -26. Let h be d/(-6) + (-2)/(-3). Let s be (-1)/1 + (1 - h). Calculate the greatest common divisor of 9 and s.
1
Let n be -2 + 3/6*-6. Let a(p) = -p**3 - 4*p**2 + 2*p + 2. Let y be a(n). Let j = 608 + -421. Calculate the highest common factor of j and y.
17
Let u = 1 - -8. Suppose 3 + 3 = 4*j + a, a + 12 = 5*j. Let f be j/(-9) + (-83)/(-9). Calculate the greatest common divisor of f and u.
9
Let k = 5 - 3. Let d be -3 + (0 - -16)/k. What is the highest common divisor of d and 15?
5
Let j = -16 - -92. What is the greatest common divisor of j and 114?
38
Suppose 5 - 10 = 5*r. Let g(l) = -11*l + 2. Let v be g(r). Suppose j - 31 + 5 = 0. What is the greatest common factor of j and v?
13
Suppose 18 = 5*r + 3. Suppose r*v + 89 = -l + 5*l, -5*l = v - 97. What is the highest common divisor of 4 and l?
4
Let z(b) = -3*b - 6. Let h be z(-14). Calculate the greatest common divisor of 9 and h.
9
Suppose -3*v = -5*v + 6. Suppose -42 = v*d - 177. Suppose 60 + 30 = 5*a. What is the highest common divisor of d and a?
9
Let m be ((-11)/(-2))/((20/(-72))/(-5)). Suppose 23 = 5*a - 22. Calculate the highest common factor of a and m.
9
Let a be (1/(-2))/(7/(-14)). Let r be 364/(-8)*(-2)/a. Calculate the greatest common divisor of 13 and r.
13
Let d = 35 + -30. Let t = -30 - -65. What is the greatest common factor of t and d?
5
Suppose 3*j = -3*r + 72, -3 = -3*j + 4*j. Calculate the highest common factor of r and 108.
27
Let q = 14 - 2. Let k be ((-4)/q)/(3/(-117)). Calculate the highest common divisor of k and 91.
13
Let s = 36 + -26. Suppose -r - 4*t = -12, 4*r + t - 43 = -s. Suppose -2*w + r = -2*m, 4*w + w = -m + 32. Calculate the greatest common divisor of w and 2.
2
Suppose -8 = 4*k + 48. Let u be (-8646)/(-77) + 4/k. What is the greatest common factor of 16 and u?
16
Let q = -333 + 363. Let k(a) = 5*a + 1. Let f be k(1). What is the highest common factor of q and f?
6
Let z(f) = -39*f + 3. Let w be z(3). Let y = -58 - w. Calculate the greatest common divisor of y and 14.
14
Suppose 0 = 2*l - 82 + 4. Calculate the highest common factor of 273 and l.
39
Let c(x) = 11*x**3 - x**2 + x + 1. Let r be c(1). Suppose -1 = o - 13. What is the highest common factor of o and r?
12
Let f = 32 + -3. Calculate the greatest common factor of 319 and f.
29
Let t = 1 - -6. Suppose u = -2*w + t*w - 28, w = 5*u - 4. Calculate the greatest common divisor of 48 and w.
6
Let i = -2 + -6. Let t = -3 - i. Let d be 4512/112 + 4/(-14). Calculate the highest common divisor of t and d.
5
Let o = -3 - -6. Let c = -6 + 7. Let y be (-2)/(c + (-69)/63). Calculate the greatest common factor of o and y.
3
Let h = -60 - -67. Calculate the highest common factor of 77 and h.
7
Suppose -w + 29 = -4. Calculate the greatest common factor of w and 44.
11
Let i(p) = -p**2 - 4*p - 1. Let b be i(-4). Let j = b - -2. Suppose y = 55 + j. Calculate the highest common divisor of 7 and y.
7
Suppose -2*f = -5*g - 0*f + 58, 5*f = -3*g + 41. Let o(s) = 30*s**3 + s**2 - s. Let h be o(1). Calculate the highest common divisor of g and h.
6
Let j(f) = -f**3 + 4*f**2 + f + 1. Let v be j(4). What is the greatest common divisor of 1 and v?
1
Let n be (-5 - 2)*(-47 - -1). What is the greatest common factor of 46 and n?
46
Suppose -6 = -3*g - 21. Let f be 76/6*(g + -1). Let m = f + 186. Calculate the highest common factor of m and 10.
10
Suppose -4*y - 64 = -2*v, 3*y = v + 5*y - 48. Suppose -6*i + v = -i. Let t = -124 + 180. What is the highest common factor of i and t?
8
Let u(m) = -m**2 + 6*m - 5. Let f(n) = n**2 - 5*n + 5. Let i be f(5). Suppose -3 - 17 = -i*x. Let d be u(x). Calculate the greatest common factor of 1 and d.
1
Let y = -59 + 103. Suppose 4*r - 28 = y. What is the greatest common divisor of r and 162?
18
Let t(j) = 2*j - 1 + 21*j + 2. Let f be t(1). Suppose -5*s + 104 = 24. What is the greatest common divisor of f and s?
8
Suppose 5*k + 2*v - 70 = 0, -28 = -k - 2*k - 4*v. Suppose 6 = -p + k. Let n = p - 7. Calculate the greatest common divisor of n and 3.
3
Suppose -5*y = 7 - 127. Calculate the greatest common divisor of 6 and y.
6
Suppose 21 = 2*j - 23. Suppose 3*a - j = 11. What is the greatest common factor of 99 and a?
11
Suppose 2*f + 3*g + 0*g = -11, -f = g + 3. Let c = f + -2. Suppose -4*a - 5*v = -231, -2*a - 3*v = -c*a - 117. What is the highest common divisor of 36 and a?
18
Suppose 2*x + 0*x = -14. Let m = x - -8. Calculate the highest common divisor of 9 and m.
1
Suppose -4*h + 3*r + 62 = 0, 3*h = 2*r + 3*r + 52. What is the greatest common divisor of h and 28?
14
Let a be 1 - 5/(-2)*2. Let r be (-4)/(-3)*a/4. What is the highest common divisor of r and 5?
1
Let l(g) = g**2 + 8*g + 6. Let w be l(-7). Let r be (-1 - (w + 2)) + 173. Let j = r - 94. Calculate the greatest common factor of j and 11.
11
Let s(v) = -6*v. Let o be s(1). Let r(y) = -15*y + 1. Let g be r(o). Calculate the highest common factor of g and 13.
13
Suppose 0 = -6*v + 14*v - 1728. Let i = -12 + 36. What is the greatest common factor of v and i?
24
Let h = 2 + -2. Suppose -3*k = -h*k - 51. What is the greatest common factor of 85 and k?
17
Suppose 2*d + 7 = 91. Let m = 92 - d. Suppose -c + 12 - 2 = 0. Calculate the greatest common factor of c and m.
10
Let b be 11 + -2*1 + 1. Suppose -v + 6*v - b = 0. Let z = -7 + 29. What is the highest common divisor of v and z?
2
Let r be (1/2)/(2/56). Let q be (-5 + 0 - -2) + r. What is the greatest common divisor of 11 and q?
11
Suppose -5*w = 3*m + 16, -2*m + 26 = -4*w - 0*w. Let j = 2 + m. What is the highest common divisor of 10 and j?
5
Suppose 2*m + x + 1 = -0, 0 = -5*m + 2*x - 16. Let t(k) = 4*k**2 + k - 2. Let h be t(m). Calculate the highest common factor of h and 18.
6
Suppose -d + 4*k + 100 = 0, -d - 3*k - 483 = -6*d. Let v(j) = j**3 + 4*j**2 - 3*j. Let f be v(-4). What is the greatest common divisor of d and f?
12
Suppose -2*y - 28 = 2*y - 3*h, y + 5*h + 30 = 0. Let x = y + 31. What is the highest common divisor of x and 7?
7
Let l(v) = -v. Let w be l(-2). What is the highest common factor of w and 1?
1
Suppose 2*q = -2*q. Suppose 2*j + 0*o - 3*o - 16 = 0, -o - 4 = q. Let t be j*(2 + 6) - -2. Calculate the highest common divisor of 12 and t.
6
Suppose 23 = 3*g - 3*m - 16, 3 = -3*m. Let d be (6/5)/(g/200). What is the highest common divisor of 5 and d?
5
Let y be (2/6)/((-3)/(-18)). Suppose y*l = 237 + 323. What is the highest common factor of 35 and l?
35
Suppose o - 27 = -6. What is the highest common divisor of o and 21?
21
Let o be (-14)/(-4) + (-21)/14. What is the highest common divisor of 18 and o?
2
Suppose -7*w - 4*y = -2*w - 65, 4*w - 21 = 3*y. Let g(s) = -s**2 - 11*s - 7. Let c be g(-8). Let i = c + w. Calculate the highest common divisor of i and 234.
26
Suppose 0 = -2*z + 148 - 136. Suppose -l = 4*n - 0*l - 75, -3*n + 66 = 4*l. Calculate the greatest common divisor of n and z.
6
Suppose -g - g + 20 = 0. What is the highest common factor of g and 110?
10
Suppose 0 = -2*y + 7*y - 20. Suppose y*f - w = 20, -3*f + 4*w = -2*f + 10. Suppose 2*c - 10 = 2. Calculate the highest common factor of c and f.
6
Suppose -10*w - 65 = -11*w. Suppose -3*d - w = -8*d. What is the highest common factor of 52 and d?
13
Let r = 35 - 15. Suppose 48 = 7*o + 20. What is the greatest common divisor of o and r?
4
Let v = 1 - 7. Let j be (-2)/(v/(-117)*-3). Suppose 187 = 3*n - 125. Calculate the greatest common divisor of n and j.
13
Suppose 7*t = 9*t. Suppose -2*k - 2 + 16 = t. Suppose q + 62 + 81 = 3*v, 2*q - 253 = -5*v. Calculate the greates